 n*u + 44 = -6. Let v(f) = -2*f**2 - 13*f - 15. Let r be v(u). Calculate d(r).
-3
Let j be (-4550)/(-200) - (-1)/(8/(-6)). Let h(v) = -j*v + 43*v - 18*v + 2. Give h(-5).
-13
Let s(k) = -k**2 + 3*k + 1. Suppose 3*c - 147 = -4*f, 4*f + 17 = 3*c - 130. Suppose -4*n + 0*y = y - 181, -5*n + 215 = -y. Let b = c - n. Determine s(b).
-9
Let b(g) = g**3 + 3*g**2 - 5*g + 1. Suppose -28*r = -32*r - 16. Let s be 3/2*r + 2. Calculate b(s).
5
Let t(b) = -3*b + 8. Suppose 1602*g = 1624*g - 66. What is t(g)?
-1
Let m(f) = 4*f**2 - 3*f. Let r = 61 - 55. Let g be (r - 8 - -1) + 3. Calculate m(g).
10
Suppose 416 = 5*o - v, -68 = -o - v + 5*v. Let q be ((-1)/3)/(((-10)/o)/5). Let i(k) = 28*k - q*k - 15*k - 1 + 4*k**3 - 5*k**3. What is i(-1)?
1
Let r be -2 + 8/4 - -7. Let x be 6*(-9 + 14 + -3*2). Let u(a) = -2*a**2 + 29*a - 34. Let l(f) = f**2 - 14*f + 16. Let c(o) = x*u(o) - 13*l(o). What is c(r)?
3
Let a(y) = 12 - 3 - 3*y - 5*y + 5. Let v be a(1). Let r(i) = -9 + 7*i**2 + 9*i**2 - 24*i**2 + 7*i**2 + 7*i. Calculate r(v).
-3
Suppose -5*a = 4*n - 149, 0 = -10*a + 5*a + 3*n + 142. Let j(x) = 1 + 30*x**2 - 50*x**2 + 0 + a*x**2. Give j(1).
10
Let b = -33 - -23. Let g(p) = -7*p**3 - 15*p**2 + 8*p - 23. Let y(i) = 11*i**3 + 22*i**2 - 13*i + 35. Let h(c) = -8*g(c) - 5*y(c). Calculate h(b).
-1
Let h = -127 + 129. Let x(j) = j**2 + 8*j**h + 2 - 21*j**2 + 2*j**3 - 2*j + 11*j**2. Determine x(2).
10
Let f(k) be the first derivative of -k**4/4 + k**2 + 2*k + 5. Let w(t) = 12*t + 84. Let y be w(-7). Let o be f(y). Let g(i) = -3*i**2 + 4*i - 3. Give g(o).
-7
Let p(u) = 2*u + 1. Let s be p(-3). Let g(c) = 11*c - c - 11 - 8*c - 3*c + 0*c. Calculate g(s).
-6
Let s = 391 - 372. Suppose -2*y = 8*z - 11*z + 27, z - s = 4*y. Let k(p) = p**3 - 7*p**2 - 6. Give k(z).
-6
Let d(b) = -b**2 - 19*b - 7. Let g = -5157 + 5139. Determine d(g).
11
Let d(l) = -l**3 - 5*l**2 + 307*l - 56. Let f be d(15). Let g(q) = q**2 - 52*q + 149. What is g(f)?
2
Suppose -140*x + 29 = 990 + 1419. Let g(s) = s**2 + 13*s - 69. Calculate g(x).
-1
Let d(h) be the second derivative of -3/2*h**3 + 0 - 6*h + 4*h**2 - 1/8*h**4. Let o(w) be the first derivative of d(w). Give o(-6).
9
Let y be 7/7*2*2. Suppose -3*i = y*z - 16, -i = -z - 2*i + 4. Let d be (z - 6/4)*-2. Let v(l) = 2*l**2 + 7*l + 5. Give v(d).
20
Let r = 14576 + -14573. Let b(i) = -105*i + 317. Calculate b(r).
2
Let g(v) be the second derivative of -v**8/6720 + v**7/280 - v**6/144 - v**5/30 - 25*v**4/4 + 136*v. Let c(f) be the third derivative of g(f). Give c(8).
20
Let f be 21/(-28) - (-22)/8. Let w = 5 - 1. Let h(g) = -5*g**3 - 5*g**2 + 7*g + 1. Let r(v) = -6*v**3 - 6*v**2 + 8*v + 2. Let z(b) = w*r(b) - 5*h(b). Give z(f).
9
Let t = -77 - -75. Let s be (-3 - t) + 0 + -5 + 1. Let c(i) = -i**3 - 5*i**2 - 7. Give c(s).
-7
Let f = 7610 + -7613. Let o(z) = -z - 27. Give o(f).
-24
Let p(h) = -h + 25. Let z = -687 - -700. Determine p(z).
12
Let c be -2 + 3 + 255 - 0. Let h(a) = -3*a - c*a**2 - 2 + 253*a**2 - 1. Let x(t) = -2*t**2 - 2*t - 2. Let m(s) = 5*h(s) - 8*x(s). Determine m(0).
1
Let r be (-760)/(-72) - 11 - 20/(-45). Let d(f) = 2*f**3 - 13*f**2 - 11*f + 59. Let v(z) = z**3 - 6*z**2 - 5*z + 29. Let m(h) = 6*d(h) - 13*v(h). What is m(r)?
-23
Let q(y) be the second derivative of -y**2 + 1/12*y**4 + 0 - 1/3*y**3 + y. Suppose -z = -0*x + 4*x - 15, -3*z + 3*x = 0. Give q(z).
1
Let r(m) = -3*m - 3. Let p(c) = -10. Let g(w) = -2*p(w) - r(w). Calculate g(-13).
-16
Let n = 61 + -45. Let r(w) = 20*w + 15*w + n*w - 50*w + 3. Let g(q) = q**3 + 2*q**2 - 3*q - 4. Let c be g(-3). Determine r(c).
-1
Let l = 45243 - 45251. Let s(z) = -93*z - 744. What is s(l)?
0
Let x(o) = 2*o**2 + 32*o + 17. Let k be x(-16). Suppose -k = -3*b - 5. Let f(w) = b*w + 0*w + 2 - w**2 - 3*w + 2*w. Calculate f(4).
-2
Let k = -45 - -62. Suppose -5*q + 3*j - 2*j = -21, k = 5*q - 2*j. Let d(b) = 1 - 4*b**2 + 6*b**2 - q*b**2 + 2*b - 16*b**3 + 4*b**2. Determine d(-1).
16
Let b(f) = -4*f**2 + 2*f**2 + 2 + 3 - 40*f + 36*f. Let a = 815 - 813. Give b(a).
-11
Let f = 14 - 11. Suppose f*v - 1 = -2*b, 2*b + 2 = b - 4*v. Let w(u) be the first derivative of u**4/4 - 2*u**3/3 + u**2/2 + 2*u + 78. Determine w(b).
4
Let p = -28 - -44. Let g = p + -55. Let l = g - -36. Let j(y) = -2*y. Determine j(l).
6
Let b(n) = n**3 + 48*n**2 - 508*n + 279. Let v be b(-57). Let c(l) = l**3 + 3*l**2 - 17*l + 3. Calculate c(v).
-3
Let y(t) = 20*t + 474038 - 474455 + 15*t. What is y(12)?
3
Let o(t) = 8. Let l(k) be the third derivative of k**4/24 - 4*k**3/3 + 55*k**2. Let a(p) = 4*l(p) + 3*o(p). What is a(6)?
16
Let w(s) = -s**3 - s**2 - s - 22. Suppose 16 = 2*h + 10. Suppose d + h*q + 17 = 2, -q = 3*d + 5. Calculate w(d).
-22
Let f(y) be the third derivative of -9*y**2 + 1/6*y**3 - 1/12*y**4 + 0 + 1/120*y**6 - 1/20*y**5 - 10*y. What is f(3)?
-5
Let p(w) = 13*w - 1. Suppose -15*d + 49 = -j - 13*d, -5*d = 0. Let f = 48 + j. What is p(f)?
-14
Let c(v) = -64*v - 7. Let l(g) = -356*g - 36. Let p(o) = 11*c(o) - 2*l(o). Determine p(4).
27
Let u be 2 + 2 + -2 + 0. Suppose -a + 2 = -m, -7 = -m + 4*a - 18. Suppose 3*f - u*f = -m. Let v(g) = 4*g**3 - g**2 - g - 1. Calculate v(f).
-5
Let o(k) = 11*k - 28. Suppose 0 = -u - 1, -5*u = 4*i - 0*u + 21. Let r(n) = -14*n + 28. Let c(v) = i*r(v) - 5*o(v). Give c(0).
28
Suppose -25*u - 8155 = -30*u. Let q(b) = -5 + 1628*b + 14 - u*b. Let p(y) = 6*y + 1. Let n be p(1). Calculate q(n).
-12
Let f be ((-20)/12 + 1)*6/4. Let d(q) = 5*q**2 - 16*q + 0*q**2 + 8*q + 9*q. What is d(f)?
4
Let s(c) = c**3 + 6*c**2 + 9*c + 14. Suppose -5*a = -i - 30, 5*i - 4*a = 7*i - 10. Give s(i).
-6
Let l(b) = 3*b + 19 + 13 - 35. Let z(m) = -2*m. Let g(f) = l(f) + z(f). Suppose 22 = -2*x - 2*r, 3*x = 2*r - 21 + 8. Determine g(x).
-10
Suppose g + 20 = -d, -20 = 15*g - 13*g - 2*d. Let z(h) = -h**2 - 17*h - 5. Give z(g).
25
Let s(g) = 4*g**3 - 6*g**2 + 2*g + 29. Let c(o) = -o**3 - o - 6. Let n(q) = -3*c(q) - s(q). Determine n(6).
-5
Let r(n) = -n**3 + 6*n**2 - 5*n - 5. Let j be 3/(((-24)/(-226))/4). Let h = j - 109. Let t be 3 - (-4)/3*6/h. Give r(t).
-5
Suppose 2*h + 5*t = 14 + 2, 4*h - 14 = -t. Let n(x) = h + 8*x**2 + 3*x - x**3 - 5 - 8*x**2. Suppose -v = -2*v + 2. Determine n(v).
-4
Let k be (-45)/(-20)*(-8)/(-6). Let f(v) = 4*v**2 - 10 + 0 + 0*v - 2*v + 9 - 2*v**3 + v**3. Give f(k).
2
Suppose 17*s - 138 = 134. Suppose 4*o - 3*z - s = 0, -2*o - 4*z = 8 - 38. Let r(k) = k**2 - 6*k - 7. What is r(o)?
0
Let m(c) = -c**2 + 13*c - 26. Let x(i) = 2*i + 10. Let z be x(0). Let d be m(z). Let p(u) = d*u - 3 - 10*u**2 + 2 + 22*u**2 - 14*u**2. Determine p(3).
-7
Let o(f) = -f**3 - 2*f**2 + 6*f - 1. Let y be 2 - ((-2)/(-17) - (-399)/(-357)). Give o(y).
-28
Suppose 2*g = i - 3, 1 - 16 = 4*i + g. Let x(c) be the first derivative of c**2 + 2*c - 6121. Give x(i).
-4
Suppose -2*v + 3 + 1 = 0. Let n(o) = -13*o + 5*o + 5*o + 2 + 3*o**2 + 0*o - 1. What is n(v)?
7
Let r(d) = d - 2. Let o = 144 - 126. Suppose 8*x + 66 = o. Calculate r(x).
-8
Let c be ((-180)/(-42))/(3/14). Suppose -5*w + 9 - 44 = -2*p, 5*w = -p - c. Let a(s) = -s**3 - 6*s**2 - 7*s - 7. Calculate a(w).
3
Suppose -24 = m + z, z = -0*z. Let j be (-3)/m + (-81)/72. Let y(t) = -12*t - 11. Let n(u) = u + 1. Let d(a) = 44*n(a) + 4*y(a). Give d(j).
4
Let c(i) be the first derivative of -2*i**3/3 + i**2/2 + 4*i + 34. Let u(x) = x**2 - x - 5. Let l(d) = 2*c(d) + 3*u(d). Determine l(0).
-7
Let q(x) be the third derivative of x**5/60 + 3*x**4/4 + 3*x**3/2 - 7710*x**2. Let s = 26 + -44. Calculate q(s).
9
Let o(w) = 9*w - 125. Let n be o(15). Let f(x) = -5*x + 6. Let a(r) = 4*r - 7. Let y be (-22)/(-55)*1*-10. Let c(v) = y*a(v) - 3*f(v). Calculate c(n).
0
Suppose -233*v = -183 - 283. Let h(s) be the third derivative of -s**4/2 - 2*s**2. Determine h(v).
-24
Let b(o) = 2 + 1 - 2*o - 4. Suppose 3*a - 1665 = -3*l, -a + 11*l + 564 = 15*l. Let t = 555 - a. Determine b(t).
-7
Let h(i) = i**3 + 5*i**2 + 17. Let w be h(-6). Let b = -26 - w. Let n(k) = -k**2 - 8*k + 1. Give n(b).
8
Let u(h) = -1 + 4 - 62 + 7 + 9 + 22*h. Determine u(3).
23
Let z(o) be the third derivative of o**5/60 - o**4/24 - o**2. Suppose n - 5*c = 19, 0*c + 49 = 2*n + c. Suppose h - 3*b - n + 16 = 0, 5*b = -10. Calculate z(h).
2
Let c(p) be the third derivative of p**6/120 + p**5/10 + p**4/12 + p**3/6 + p**2. Let t(i) = 396*i + 130